der when 142 is divided by j.
34
Let i(h) = -h**2 + 11*h + 3. Suppose 0 = 5*r - 26 - 24. What is the remainder when r is divided by i(11)?
1
Let c(g) = 3*g - 9. Let z = 3 + -3. Suppose 2*d - 10 = -z. What is the remainder when c(6) is divided by d?
4
Suppose -4*h + 0*u = u - 8, 2*h + 5*u - 4 = 0. Suppose 2 + 6 = -h*n, 4*n = 2*o - 126. What is the remainder when o is divided by 19?
17
What is the remainder when 74 is divided by (-1 + 5)/(13/(676/8))?
22
Let r be ((-6)/8)/(1/(-28)). Suppose 0 = v - 3*h, -20 = 3*v - 6*h + 2*h. Let f = v + r. What is the remainder when 16 is divided by f?
7
Let s(z) = -2 + 2*z + 0*z**2 - z**3 - 1 + 2*z**2. What is the remainder when (4/6)/(8/12) is divided by s(2)?
0
Suppose c + 5 = -4*c. Let j = c + -10. What is the remainder when 26 is divided by (2 - 3)*j + -2?
8
Let l(m) = 2*m**2 + 6*m - 8. Let y(s) = s**2 - 5*s + 6. Let z be y(4). Suppose 3*t = 12, -z*t + 72 = 2*p - t. Calculate the remainder when p is divided by l(2).
10
Suppose -5*c + 204 = -4*c. Let i = c + -107. What is the remainder when i is divided by 25?
22
Let d = 12 - 3. Let v = 1 + d. What is the remainder when 19 is divided by v?
9
Suppose 2*n = 3*p - 548, 0*p - 5*n - 726 = -4*p. What is the remainder when p is divided by 47?
43
Let o be (-6)/24 - (2 + 9/(-4)). Let p be 18 - -1 - (-2)/(-2). Suppose 3*c - p = -o*c. What is the remainder when 16 is divided by c?
4
Suppose -k = -53 - 123. Suppose 80 = -s - k. What is the remainder when 71 is divided by (-6)/21 - s/14?
17
Suppose -7*s + 690 = 3*s. What is the remainder when s is divided by 440/12 - (-2)/(-3)?
33
Suppose o + 26 = 3*o. What is the remainder when 23 is divided by o?
10
Suppose 2*c + 109 = 3*p, -2*p + 144 = 2*p - 2*c. Let j = p - 19. Let l(a) = -a**3 - 6*a**2 + 2*a - 4. Calculate the remainder when l(-7) is divided by j.
15
Let v(n) = 2*n - 14. Let u be v(10). Suppose -185 = b - u*b. Let h(m) = m**2 - 4*m + 5. Calculate the remainder when b is divided by h(5).
7
Let o(l) = -6*l + 2. Let r(k) = k**3 - 7*k**2 + 8*k - 9. Let x be r(6). Let h = x + -7. What is the remainder when o(h) is divided by 14?
12
Suppose 35 = -0*r + r. Calculate the remainder when r is divided by 19.
16
Let g(t) = -t**2 + 11*t + 10. Calculate the remainder when 111 is divided by g(9).
27
Let p(b) = -b**2 + 5*b + 3. Let t be p(6). Let i = t + 4. Calculate the remainder when 2 is divided by i.
0
Suppose -3*x - 3*l = 2 - 8, -4*x - l + 17 = 0. Suppose 142 = x*j + 6*m - 2*m, 90 = 3*j + 4*m. Calculate the remainder when 76 is divided by j.
24
Let j(q) be the third derivative of -5*q**4/6 - q**3/3 - 2*q**2. What is the remainder when 69 is divided by j(-1)?
15
Let i(c) = -c**3 - 5*c**2 + 16. Calculate the remainder when 221 is divided by i(-5).
13
Suppose -r = -4*c + 372, -r + 106 = c + 2*r. Calculate the remainder when c is divided by 12.
10
Let n(u) = 7 - 4 + u**2 - 2*u**3 + 0*u + u - 4*u**2. Calculate the remainder when n(-4) is divided by 27.
25
Suppose -3*u + 2*u - 3*l + 24 = 0, -5*u + l = -152. What is the remainder when 117 is divided by u?
27
Let c(x) = -x + 7. Let k be c(-7). Let u = 49 + -26. What is the remainder when u is divided by 28/6*36/k?
11
Let y(j) = 4*j**2 + 2 + 6*j + 4 + 0*j. Calculate the remainder when y(-4) is divided by 24.
22
Suppose 0 = 2*g - 28 - 14. What is the remainder when 39 is divided by g?
18
Suppose 52 - 423 = -7*j. What is the remainder when j is divided by (-144)/(-10) - 4/10?
11
Suppose -9*b + 5*b = -4*n - 124, b + 3*n = 27. Calculate the remainder when b is divided by 17.
13
Let o = -111 + 199. Calculate the remainder when o is divided by 6.
4
Let k = -57 + 60. What is the remainder when 12 is divided by k?
0
Suppose -w + 25 = -0*w. Suppose -6*c = -c - w. Calculate the remainder when 9 is divided by c.
4
Let a = -16 + 34. Suppose 2*l - 3*h = a, 0 = l - h - 5 - 2. Let z = l - 0. Calculate the remainder when 8 is divided by z.
2
Let w(s) = -s + 79. Suppose -4*n = -0*n. Let x be w(n). Suppose 6 = 5*g - x. What is the remainder when g is divided by 9?
8
Suppose -5*p + 5*h + 740 = 0, -4*p = -2*p + 3*h - 301. Calculate the remainder when p is divided by 50.
49
Let o be 2/(-2 - 20/(-8)). Let h(q) = q**3 - 2*q**2 - 3*q - 3. Let j = 97 - 47. Calculate the remainder when j is divided by h(o).
16
Suppose d + 2*x - x - 64 = 0, 0 = -4*x. What is the remainder when d is divided by 24?
16
Suppose -4*v = 4*p - 2*v - 62, -3*v + 8 = p. What is the remainder when p is divided by 9?
8
Let b be 4/20 - (-14)/5. Let d = 6 - b. Suppose 0 = d*p - p - 20. Calculate the remainder when 29 is divided by p.
9
Suppose l - 2*z - 2*z - 176 = 0, 4*l + 2*z = 704. What is the remainder when l is divided by 45?
41
Suppose -4*d + 508 = 5*l, -2*d - 526 = -2*l - 3*l. Calculate the remainder when l is divided by 21.
20
Let d(s) = 2*s**3 + 10*s**2 + 3*s + 10. What is the remainder when d(-4) is divided by 16?
14
Let a be -1 + (-1)/(-1)*1. Suppose -4*j + 9*j - 30 = a. Calculate the remainder when 17 is divided by j.
5
Suppose -i + 19 = 5*k, -3*k + 17 = -2*i + 94. Calculate the remainder when i is divided by (2/(-3))/(3/(-54)).
10
Suppose -4*a + 0*h + 3*h + 133 = 0, -101 = -3*a + h. Suppose t + 2*j - 32 = 0, -a = -4*t + 3*t - 4*j. What is the remainder when 119 is divided by t?
29
Let y = 68 - 10. Calculate the remainder when y is divided by 30.
28
Suppose 0 = -11*z + 51 + 37. What is the remainder when 21 is divided by z?
5
Let a = 1 + 22. Suppose p = 2*p - a. Calculate the remainder when p is divided by 6 + 1/(1/2).
7
Let w be ((-7)/14)/((-1)/10). Suppose w*l - g - 24 = 0, l + 3*l - 24 = -4*g. What is the remainder when l is divided by 4?
1
Suppose -2*a + 28 = -14. Suppose 0 = 2*d + 10, d - 36 = -x + 40. Calculate the remainder when x is divided by a.
18
Suppose 0 = -w + 2, 5*g + 0*w - 2*w - 281 = 0. Calculate the remainder when (4 - (-4 + 5)) + g is divided by 16.
12
Let t be (-72)/33 - 6/(-33). What is the remainder when (1/t)/((-4)/344) is divided by 15?
13
Suppose 0 = 4*j + 2*j - 144. Suppose 2*n = 2*d - j - 12, 33 = 2*d - n. Calculate the remainder when 44 is divided by d.
14
Let f = -14 - -14. Suppose 26 = -f*y + y. Calculate the remainder when y is divided by 14.
12
Let f(t) = t. Calculate the remainder when 15 is divided by f(6).
3
What is the remainder when 52/(-16)*-2 - 1/2 is divided by 6?
0
Let b = -30 - -91. Calculate the remainder when 239 is divided by b.
56
Let p = 112 - 186. Let o = -36 - p. Suppose 20 = 2*h - o. What is the remainder when h is divided by 10?
9
Calculate the remainder when 145/3 + (-2)/6 is divided by 13.
9
Let v = 30 + -16. What is the remainder when v is divided by 8?
6
Let f = 54 - 13. What is the remainder when f is divided by 11?
8
Let q = 28 - -27. Calculate the remainder when q is divided by 28.
27
Suppose 6*p - p = r + 157, 5*p = -4*r + 147. Calculate the remainder when p is divided by 8.
7
Let q(u) = 12*u**2 - 1 + 2*u**2 - 5*u + 3*u. Let p be q(-2). Let b = -38 + p. What is the remainder when b is divided by 11?
10
Let i(y) = -24*y**3 + 2*y**2 + 3*y + 2. Calculate the remainder when i(-1) is divided by 9.
7
Suppose -75 = v - 4*v. Suppose 4*n = 4, 5*f + n = -3*n + 24. Suppose -d = -f*q - 9, d - 20 = -3*q - 4. Calculate the remainder when v is divided by d.
12
Suppose x + 7 = -31. Let w = 36 - x. Calculate the remainder when w is divided by 38.
36
What is the remainder when 3 + 4*52/8 + -2 is divided by 16?
11
Suppose -2*v + 39 = 33. What is the remainder when (3/6)/((-1)/(-28)) is divided by v?
2
Suppose 2*f - 8 = 2. Let g = f - 2. Suppose g*o = -0 + 12. Calculate the remainder when 7 is divided by o.
3
Let n = 85 + -32. What is the remainder when n is divided by 14?
11
Let n(x) = -x**3 - 3*x**2 + 6*x + 4. Let z be n(-5). Suppose k + 3 - z = 0. What is the remainder when k is divided by (5/(-2) + 2)*-12?
3
Suppose -49*z + 3*j = -48*z - 9, 25 = 2*z + j. Let u = -44 - -76. What is the remainder when u is divided by z?
8
Let a = -26 - -37. Suppose 3*d - 64 = 29. What is the remainder when d is divided by a?
9
Suppose 0 = -4*i + 3*i + 27. Let p(u) = 4*u - 5. Calculate the remainder when i is divided by p(5).
12
Suppose -4*j + j = -12, 0 = 3*o - j - 68. Calculate the remainder when 70 is divided by o.
22
Let p(v) = -v + 9. Let m be p(12). Let i(n) = 3*n - 4*n + 0*n. What is the remaind